 -141 = -5*b + u. Let m = b + -133. What is the units digit of m?
9
Let r(c) = -7365*c + 459. What is the tens digit of r(-4)?
1
Let o be (1 - (-2 - 0)) + 24/(-8). Suppose 21 = 7*a - o. Suppose -30 = -a*x + 12. What is the units digit of x?
4
Suppose 2*u - 55*s - 26172 = -59*s, 5*u - 5*s - 65535 = 0. What is the units digit of u?
0
Let q(u) = -3*u**3 + u**2 - 4*u - 9. Let x be q(-8). Suppose 323 = a - y, 2*y - x = -5*a + 3*y. Let h = a - 228. What is the tens digit of h?
9
Let p(j) = -j**3 + 22*j**2 + 2*j - 45. Let g be p(22). Let o be (2 - 0) + 60/g. What is the tens digit of o/5*(-4 + 9)*-1?
5
Suppose -5*k = 2*d + 40, 5*k - 6*k - 4*d - 26 = 0. Let x(z) = -93*z + 65. What is the units digit of x(k)?
3
Suppose l = 4*p + 15221, 15218 = l - 318*p + 313*p. What is the tens digit of l?
3
Let y(r) = 2084*r + 8520. What is the ten thousands digit of y(18)?
4
Let m(j) = -j**3 - 14*j**2 - 20*j + 50. Let z be m(-12). Let l(x) = 30*x**3 + 4*x**2 - 5*x - 5. What is the hundreds digit of l(z)?
2
Let h(x) be the second derivative of x**4/6 - 7*x**3/2 - 15*x**2 + 9*x. What is the tens digit of h(-15)?
3
Let v(i) = 271*i - 153. Let r(c) = -135*c + 77. Let x(p) = 7*r(p) + 3*v(p). What is the hundreds digit of x(-5)?
7
Let a(g) be the first derivative of g**4/12 + 4*g**3 + 12*g**2 - 25. Let h(i) be the second derivative of a(i). What is the units digit of h(-9)?
6
Let v = 24 + -20. Let f be v + 81/1 - -4. Let i = f - -45. What is the tens digit of i?
3
Suppose 82*l - 55022 = 114390. What is the thousands digit of l?
2
Let w = -383 - -408. Let x(t) = t**3 + 3*t**2 + t + 4. Let n be x(-3). What is the units digit of 10/w*(n*145)/1?
8
Let t be (8 + 0)/(1 + 1 + 0). Suppose 8 = -t*l - d - 4, 0 = -3*d. Let u(n) = -15*n - 5. What is the tens digit of u(l)?
4
Suppose v - 5 = 6*q - 5*q, -3*q = 4*v - 27. Let f = -58 + 523. What is the tens digit of f/v*(-12)/(-15)?
6
Suppose 8 = -2*t, 0 = -4*h - 0*t - t - 3184. Let a = -422 - h. What is the tens digit of a?
7
Let u(p) = 27*p**3 - 32*p**2 + 35*p - 20. What is the hundreds digit of u(9)?
3
Let j(b) = 1118*b**2 - 11*b - 33. What is the tens digit of j(-2)?
6
Let a = 333 + -354. What is the tens digit of (12/a*-6)/((-6)/(-903))?
1
Let i be ((-4)/(-12))/((-2)/6)*-3. Suppose 78 + 42 = i*t. Suppose 2*a + 3*a = t. What is the units digit of a?
8
Suppose -2*p + 464 = 72. Let r = -7 - -7. Suppose r = 14*a - 1176 - p. What is the tens digit of a?
9
What is the tens digit of 0 - (1 - 189741/33 - 123/451)?
4
Let x(z) = -2*z**3 + 32*z**2 + 255*z + 24. What is the units digit of x(-21)?
3
Suppose 4 = 8*a - 12. Suppose a*v - j = j + 616, 15 = 3*j. What is the hundreds digit of v?
3
Let g = -30200 + 32977. What is the thousands digit of g?
2
Let m be 5*20/(0 + 4). Suppose d - 4*d + 1 = -a, 2*a = -3*d + m. Suppose -3*s = -2*p + 3, -3*s = -1 - a. What is the units digit of p?
6
Let p(q) = -q**3 + 21*q**2 - 23*q - 5. Let m be p(14). Let y = m - 702. What is the hundreds digit of y?
3
Let p = 42 + -15. Suppose 2*a + p = 103. Suppose 5*b = 3*s - 154, 4*s + a = 5*s + b. What is the units digit of s?
3
Let o(r) = -9*r**2 - 11 - 5 - 34*r - r**3 - 3 - 2. What is the hundreds digit of o(-10)?
4
Let v(u) = -u**3 + 3*u**2 - 5*u + 3. Let p be v(5). Let r = p + 183. Suppose 11*y = 54 + r. What is the units digit of y?
5
What is the tens digit of (-8)/3*1/6 + 389986/4086?
9
What is the units digit of (-112)/(-840) - ((-106798)/15 - (-1 - -2))?
1
Let h(m) = -m**2 + 20*m - 34. Let j be h(18). Let p(q) = 11 + 30 - 39*q - 699*q**2 + 701*q**j. What is the tens digit of p(20)?
6
Let m(j) = 5*j + 34. Let k be m(-6). Suppose -3*d + 12 = 4*b, 7*b + 2*d = k*b + 9. What is the tens digit of -9*(3 - 40/b)?
9
Suppose -46*z - 972 = -161282. Suppose -4*s = -1135 - z. What is the units digit of s?
5
Let y be 166/(-415) + ((-22954)/(-10) - 1). Let j = y + -1609. What is the hundreds digit of j?
6
Let l(t) = t**3 + 14*t**2 - 30*t + 32. Let w be l(-16). What is the hundreds digit of (w - -5) + (-1190)/(-4 - 3)?
1
Let c = 113 - 110. Suppose -c*f = 3*f - 996. What is the units digit of f?
6
Suppose 36425 = -9*b + 76662 + 75782. What is the units digit of b?
1
Suppose -3*d - m = -34, -d + 4*m - 2 = 4. Let g be 14 - d - (1 - 3). Suppose -2*x + i - 3*i = -78, 3*i - g = 0. What is the tens digit of x?
3
Suppose 2*b + 98 = 9*b. Let g = b + -5. What is the units digit of (-2 + 0 - -4)*g/6?
3
Let s(n) = 4*n**2 + 5*n + 12. Let l = -83 - -75. What is the hundreds digit of s(l)?
2
What is the tens digit of 2636705/93*30/25?
2
Let o = 846 + -574. Suppose -20*z + o = -2908. What is the tens digit of z?
5
Let y(x) = 95*x - 5. Let r(v) = -8 + 7 - 10*v - v**2 + 2. Let i be r(-10). What is the tens digit of y(i)?
9
Suppose 3*h - 10*h = 0. Suppose h = 3*f + 307 + 8. What is the units digit of (-29 + -1)*(-7)/(f/(-78))?
6
Suppose -4*f + 5*h - h - 492 = 0, -2*f - 250 = 2*h. Let l = 374 - f. What is the units digit of l?
8
Suppose 125 = -2*i - 171. What is the hundreds digit of ((-119)/14)/(2/i)?
6
Let l(h) = 5*h**2 - 26*h - 5. Let i be l(5). Let f = 282 - i. What is the hundreds digit of f?
2
Let o(s) = -202 - 262 + 208 + 117*s. What is the hundreds digit of o(12)?
1
Let y(p) be the second derivative of -p**4/6 - 7*p**3/3 + 13*p**2/2 + 564*p. Let o(z) = -z**3 - z**2 + 3*z - 1. Let m be o(2). What is the tens digit of y(m)?
1
Suppose 10*y = 12*y - 352. Let s = -265 + 690. Let m = s - y. What is the tens digit of m?
4
What is the ten thousands digit of ((-34)/51*(-9)/(-12))/((-8)/192880)?
1
Suppose -2*k + 10 = p, 13*k - 18*k + 19 = 2*p. Suppose -p*n + 6*n + 5298 = 0. What is the units digit of n?
3
Suppose -4*c = 5*b + 3039, 0 = -3*b + 8*c - 3*c - 1853. What is the units digit of (1 - b)/(49 + -48)?
2
Let f(s) = 46*s**3 - 11*s**2 - 26*s + 162. What is the thousands digit of f(6)?
9
Let g(i) = -233*i - 130. Let x be g(-6). Let a = x + -605. What is the hundreds digit of a?
6
Suppose -34031 + 134215 = 7*n. What is the ten thousands digit of n?
1
What is the ten thousands digit of (37 + -10)*(1 + 0 + 1001)?
2
Suppose 3*j + 5029 = 4*k, 0 = 3*k + 6*j - 3*j - 3777. What is the thousands digit of k?
1
Suppose -2*l - 151991 = -5*y, -y + 24*l + 30389 = 19*l. What is the units digit of y?
9
Suppose -2*p - 2 = 0, 3*p - 11886 + 32402 = n. What is the tens digit of n?
1
Suppose 0 = -3*z + 4*n + 5 + 1, -4*n = -5*z + 10. Let x(g) = -g**3 + 3*g**2 + g - 4. Let j be x(z). What is the tens digit of 355/j + 4/(-8)?
7
Suppose 58*d + 1349840 = -136*d + 3547084. What is the hundreds digit of d?
3
Let a = -77 - -82. Suppose -d + 99 = b, -3*d - a = -2. What is the tens digit of (3 - b)*(-1 - 0)?
9
Let r be (-95)/(-20) + (-4)/(-48)*3. Suppose -r*b + 33 + 72 = 0. What is the tens digit of b?
2
Let r = -8588 + 23926. What is the ten thousands digit of r?
1
Let i = 5853 + 2080. Suppose 15*x = 1682 + i. What is the hundreds digit of x?
6
Suppose i = -4*a + 526, -377 = -5*a + 2*i + 261. Let w(t) = 30*t**3 - 1. Let r be w(-1). Let c = r + a. What is the tens digit of c?
9
Suppose 0 = -6*c + 46 + 50. Suppose 1735 = c*i - 1145. What is the hundreds digit of i?
1
Suppose -2*n + a - 1 = 0, -4*n - a = 2*a + 27. Let h be (n + (-38)/(-6))/(2/57). Suppose -4*d + 3*f = -0*d - h, -4*d + 89 = 3*f. What is the units digit of d?
3
What is the hundreds digit of (3840 - -117) + 1 + 0?
9
Let v(c) be the second derivative of 10*c**3/3 - 9*c**2 - 47*c. Let z(p) = 3*p + 1. Let w be z(1). What is the units digit of v(w)?
2
Let h be ((-30)/(-5))/(-6)*-4. Suppose -3*y + 3*l = -225, -h*y - 162 = -6*y + 5*l. What is the tens digit of y?
7
Let x be 1/(-2)*(2 - 2). Suppose x = -8*r + 4*r + 5*o + 891, r - 231 = 4*o. What is the tens digit of r?
1
Let n = 1250 - 261. Suppose -13*k - 274 + n = 0. What is the tens digit of k?
5
Let s(u) = -u**3 - 16 - 15*u - 3738*u**2 + 7466*u**2 - 3735*u**2. What is the units digit of s(-5)?
9
Let o(n) = 3*n + 35. Let k be o(-6). Suppose 20*t - 12 = k*t. Suppose 4*i = -4*d + 292, -t*i = 2*d + d - 292. What is the tens digit of i?
7
What is the thousands digit of (-8502)/(-5)*(920/12)/23?
5
Let b(q) = q**3 + 27*q**2 + 20*q + 1065. What is the units digit of b(-24)?
3
Let p be (176/64)/(3/(-12)*1). Let y(v) = -6*v + 18. What is the tens digit of y(p)?
8
Let i be ((-33)/(-6) - 3)/(1/2). Let f(w) = 16*w. Let y be f(i